 of 6989880?
2, 3, 5, 31, 1879
List the prime factors of 11830981.
47, 211, 1193
List the prime factors of 443084.
2, 110771
What are the prime factors of 122560?
2, 5, 383
What are the prime factors of 279277?
317, 881
List the prime factors of 76886.
2, 37, 1039
What are the prime factors of 6997028?
2, 1749257
List the prime factors of 176295.
3, 5, 7, 23, 73
List the prime factors of 72734.
2, 41, 887
List the prime factors of 4525594.
2, 79, 28643
What are the prime factors of 547556?
2, 136889
List the prime factors of 2964456.
2, 3, 11, 19, 197
What are the prime factors of 530979?
3, 379, 467
What are the prime factors of 3058056?
2, 3, 42473
List the prime factors of 146190.
2, 3, 5, 11, 443
List the prime factors of 117978.
2, 3, 7, 53
List the prime factors of 9091648.
2, 142057
What are the prime factors of 6971780?
2, 5, 359, 971
What are the prime factors of 7497563?
23, 181, 1801
What are the prime factors of 559756?
2, 139939
List the prime factors of 303028.
2, 11, 71, 97
List the prime factors of 1062235.
5, 212447
List the prime factors of 10188422.
2, 67, 139, 547
What are the prime factors of 307128?
2, 3, 67, 191
What are the prime factors of 1625392?
2, 29, 31, 113
What are the prime factors of 3904?
2, 61
What are the prime factors of 239601?
3, 79867
What are the prime factors of 478758?
2, 3, 7, 11399
List the prime factors of 8552930.
2, 5, 855293
What are the prime factors of 4317138?
2, 3, 7, 47
What are the prime factors of 321660?
2, 3, 5, 1787
What are the prime factors of 292234?
2, 146117
What are the prime factors of 5464835?
5, 31, 35257
What are the prime factors of 9706613?
7, 1386659
List the prime factors of 7956068.
2, 17, 23, 5087
What are the prime factors of 47980?
2, 5, 2399
List the prime factors of 202925.
5, 8117
What are the prime factors of 693031?
43, 71, 227
What are the prime factors of 1797703?
23, 47, 1663
List the prime factors of 2634976.
2, 67, 1229
What are the prime factors of 1099607?
23, 47809
What are the prime factors of 1853922?
2, 3, 7, 37, 1193
List the prime factors of 7394812.
2, 1109, 1667
List the prime factors of 811261.
11, 73751
List the prime factors of 527535.
3, 5, 19, 617
What are the prime factors of 352172?
2, 17, 5179
What are the prime factors of 7541032?
2, 163, 5783
List the prime factors of 6735502.
2, 17, 397, 499
What are the prime factors of 8289026?
2, 1069, 3877
What are the prime factors of 211020?
2, 3, 5, 3517
What are the prime factors of 388159?
388159
List the prime factors of 2608444.
2, 67, 9733
What are the prime factors of 1519040?
2, 5, 47, 101
What are the prime factors of 244347?
3, 79, 1031
What are the prime factors of 23658909?
3, 1163, 6781
List the prime factors of 111822.
2, 3, 18637
What are the prime factors of 286787?
23, 37, 337
List the prime factors of 199372.
2, 49843
List the prime factors of 736478.
2, 19, 19381
List the prime factors of 8661753.
3, 962417
List the prime factors of 1734735.
3, 5, 109, 1061
List the prime factors of 335248.
2, 23, 911
List the prime factors of 2904565.
5, 580913
List the prime factors of 4834027.
11, 113, 3889
List the prime factors of 545016.
2, 3, 22709
List the prime factors of 11019551.
2207, 4993
List the prime factors of 50211.
3, 7, 797
List the prime factors of 3462988.
2, 865747
What are the prime factors of 8961644?
2, 1213, 1847
List the prime factors of 3528132.
2, 3, 41, 71, 101
What are the prime factors of 1382603?
443, 3121
List the prime factors of 455265.
3, 5, 67, 151
List the prime factors of 1865166.
2, 3, 310861
List the prime factors of 7990202.
2, 11, 179, 2029
List the prime factors of 53295.
3, 5, 11, 17, 19
List the prime factors of 165475.
5, 6619
List the prime factors of 2366382.
2, 3, 521, 757
What are the prime factors of 331524?
2, 3, 9209
List the prime factors of 6877610.
2, 5, 647, 1063
What are the prime factors of 456507?
3, 50723
List the prime factors of 1058152.
2, 29, 4561
What are the prime factors of 11340323?
173, 65551
List the prime factors of 516288.
2, 3, 2689
List the prime factors of 3697101.
3, 410789
List the prime factors of 2971873.
2971873
List the prime factors of 2463701.
2463701
What are the prime factors of 7197870?
2, 3, 5, 239929
List the prime factors of 2026899.
3, 7, 32173
List the prime factors of 8899282.
2, 7, 71, 1279
What are the prime factors of 158712?
2, 3, 17, 389
List the prime factors of 8668284.
2, 3, 43, 107, 157
List the prime factors of 238921.
238921
List the prime factors of 65748.
2, 3, 5479
List the prime factors of 26057372.
2, 11, 67, 8839
List the prime factors of 16235090.
2, 5, 1229, 1321
What are the prime factors of 1776385?
5, 13, 27329
List the prime factors of 15135911.
7, 2162273
List the prime factors of 340279.
179, 1901
List the prime factors of 20876658.
2, 3, 11, 37, 83, 103
List the prime factors of 13175865.
3, 5, 32533
What are the prime factors of 120438?
2, 3, 6691
What are the prime factors of 1171839?
3, 167, 2339
What are the prime factors of 10980289?
79, 131, 1061
What are the prime factors of 280259?
7, 40037
List the prime factors of 5516726.
2, 19, 145177
What are the prime factors of 10790004?
2, 3, 89, 10103
What are the prime factors of 20829165?
3, 5, 7, 17, 1667
What are the prime factors of 12865218?
2, 3, 499, 4297
List the prime factors of 20191516.
2, 23, 41, 53, 101
List the prime factors of 4559910.
2, 3, 5, 17, 8941
What are the prime factors of 1290736?
2, 80671
List the prime factors of 253090.
2, 5, 25309
List the prime factors of 4894844.
2, 17, 71983
List the prime factors of 4423335.
3, 5, 7, 103, 409
List the prime factors of 2271796.
2, 567949
List the prime factors of 3416835.
3, 5, 227789
List the prime factors of 3805364.
2, 951341
What are the prime factors of 10797257?
43, 251099
List the prime factors of 19413175.
5, 71, 10937
List the prime factors of 89923.
89923
List the prime factors of 1611631.
7, 230233
List the prime factors of 4664099.
11, 29, 14621
What are the prime factors of 30984?
2, 3, 1291
List the prime factors of 413174.
2, 19, 83, 131
List the prime factors of 6755340.
2, 3, 5, 112589
List the prime factors of 679005.
3, 5, 79, 191
List the prime factors of 1227057.
3, 13, 73, 431
List the prime factors of 392396.
2, 263, 373
List the prime factors of 10201180.
2, 5, 11, 89, 521
List the prime factors of 1649523.
3, 19, 43, 673
What are the prime factors of 25662993?
3, 173, 197, 251
What are the prime factors of 153813?
3, 11, 59, 79
What are the prime factors of 12038970?
2, 3, 5, 19, 21121
List the prime factors of 1085597.
131, 8287
List the prime factors of 639007.
639007
List the prime factors of 600681.
3, 200227
List the prime factors of 39577211.
563, 70297
What are the prime factors of 42066964?
2, 10516741
What are the prime factors of 152238?
2, 3, 25373
What are the prime factors of 98961?
3, 32987
List the prime factors of 1030103.
73, 103, 137
What are the prime factors of 16256192?
2, 254003
List the prime factors of 8396731.
7, 197, 6089
List the prime factors of 2410753.
17, 109, 1301
What are the prime factors of 30908302?
2, 31, 498521
What are the prime factors of 83138?
2, 11, 3779
List the prime factors of 2217815.
5, 443563
What are the prime factors of 855817?
19, 31, 1453
List the prime factors of 334819.
113, 2963
What are the prime factors of 878272?
2, 13723
What are the prime factors of 3110869?
1699, 1831
List the prime factors of 87779.
61, 1439
List the prime factors of 628418.
2, 7, 44887
What are the prime factors of 53076?
2, 3, 4423
List the prime factors of 396598.
2, 59, 3361
What are the prime factors of 229848?
2, 3, 61, 157
What are the prime factors of 83933?
83933
List the prime factors of 6619563.
3, 27241
List the prime factors of 264123.
3, 29347
List the prime factors of 1222605.
3, 5, 101, 269
What are the prime factors of 1930746?
2, 3, 83, 3877
What are the prime factors of 349889?
73, 4793
List the prime factors of 272219.
137, 1987
What are the prime factors of 4633247?
71, 65257
List the prime factors of 1614207.
3, 7, 79, 139
What are the prime factors of 6778118?
2, 257, 13187
What are the prime factors of 670780?
2, 5, 11, 3049
List the prime factors of 340985.
5, 47, 1451
What ar